*b - b - 4*b + 9. Let r = 211 - 203. Give i(r).
-7
Let i(b) = -71*b. Let s be i(0). Let k(l) = l**2 + 2*l + 21. Let a(y) = 4*y**2 + 7*y + 62. Let w(d) = -2*a(d) + 7*k(d). Determine w(s).
23
Let y be (5 - (2 + 0))*1. Let t(r) = r**3 - 3 + 0*r**3 + 5*r - r - r - 5*r**2. What is t(y)?
-12
Let h(l) be the first derivative of l**2/2 + 18*l + 249. Calculate h(-7).
11
Let j be (-4)/(-6)*(-729)/54. Let g(q) = q**3 + 5*q**2 - 3*q - 5. Let t(d) = 4*d**3 + 20*d**2 - 11*d - 20. Let z(m) = j*g(m) + 2*t(m). Determine z(-5).
-20
Let m(i) = -i**3 + 5*i**2 + 3*i - 7. Let j = -149 - -154. Determine m(j).
8
Let c(j) be the second derivative of 10*j**3/3 + 3*j**2 - 39*j. Let b(s) = -7*s - 2. Let w = -4 + 21. Let n(a) = w*b(a) + 6*c(a). Determine n(0).
2
Let g(d) = d**3 - 5*d**2 - 6*d + 6. Let h be -10*10*2/(-8). Let c be h*(-7)/(35/2). Let y be (-90)/25*c/6. Give g(y).
6
Let k = -4 + 2. Let r(f) be the second derivative of f**4/12 - 560*f. Give r(k).
4
Let d(l) = -l**2 - 18*l - 13. Let t be d(-17). Suppose -3*z - 2*c + 26 = 0, 0 = -z - t*c + 7 + 5. Let m(i) = -i**3 + 8*i**2 + i - 10. Calculate m(z).
-2
Let d = 366 - 366. Let k(v) = -v**3 - 2*v + 5. Calculate k(d).
5
Let f(j) = -j**2 + 7*j + 6. Suppose -2*t + 0*t = 70. Let q = 42 + t. What is f(q)?
6
Let t(i) = 4*i - 1. Let z(c) = -13*c + 4. Let o(s) = -3*t(s) - z(s). Let d = 4 - 3. What is o(d)?
0
Suppose 0 = -2*a + 37 - 9. Let s = a - -7. Let h be 2/((18/s)/(-3)). Let l(n) = -n**2 - 9*n - 8. Give l(h).
6
Suppose 3*s = -2*s. Let m = -21 + 24. Let o(j) = j**2 + 2 + 6 - m. Give o(s).
5
Let g(i) be the second derivative of -1/6*i**3 - 12*i - 3/2*i**2 + 0. Give g(6).
-9
Let l(q) = 3*q**3 - 13*q + 3721 + 11*q - 3724. Determine l(-2).
-23
Let r be (-63)/14*8/(-6). Let j(h) = -2*h + 4. Determine j(r).
-8
Suppose -3*y - 5*q = 5, 37 = 3*y + 2*y - 3*q. Let t(p) be the third derivative of p**5/60 - p**4/4 + 5*p**3/6 + p**2 - 64. Calculate t(y).
0
Let f(o) be the third derivative of o**4/4 + o**3 - 203*o**2. Calculate f(-3).
-12
Let y(k) be the third derivative of k**5/20 + k**4/8 - k**3/3 + 194*k**2. Determine y(-3).
16
Let m(x) = 0*x**2 - 7*x**2 - 6*x - 6 + 8*x**2. Let y(p) = p**3 + 7*p**2 + 5*p + 2. Let k be y(-6). Calculate m(k).
10
Let f(y) be the second derivative of y**4/12 + 23*y**3/6 + 21*y**2 - 2*y - 161. Give f(-21).
0
Let t(l) be the second derivative of l**5/20 + 7*l**4/12 + 4*l**3/3 + 3*l**2/2 - l. Let a be ((-5)/(-3))/(7 - (-1048)/(-144)). Determine t(a).
-9
Let j(l) = -7*l**3 + l**2 - 11*l - 1. Let f(t) = -3*t**3 - 5*t. Let y(n) = 5*f(n) - 2*j(n). Suppose 6 = -0*h - 2*h. Calculate y(h).
20
Let l(s) = -5*s**3 - 10*s**2 + 10*s + 8. Let m(n) = -27*n**3 - 51*n**2 + 50*n + 39. Let q(h) = -11*l(h) + 2*m(h). Determine q(-9).
-1
Let o(l) = 2*l + 4. Let a(d) be the third derivative of -d**4/24 - d**3/3 + 8*d**2. Let b(g) = -9*a(g) - 4*o(g). Determine b(-2).
0
Let s(j) be the third derivative of j**4/8 + j**3/2 - j**2 - 37*j. Give s(-4).
-9
Let p be (-4)/(-14) + (-120)/(-21). Let i(r) = 3*r**3 - 4*r**3 - 5 - 4 - 172*r + 5*r**2 + 178*r + 0. Give i(p).
-9
Let z(r) = -r**3 - 4*r**2 + r + 1. Suppose -l - 3*l = 124. Let j = l - -27. Give z(j).
-3
Let t = -2 - -3. Let g(r) = t + 3*r + 0 - 4*r. Let a be 9 - 0 - (0 + -2 + 5). Calculate g(a).
-5
Let y(s) = -s - 1. Let b(f) = -7*f. Let k = 14 + -7. Let u(n) = -n**3 + 6*n**2 + 7*n + 1. Let c be u(k). Let o be b(c). Calculate y(o).
6
Suppose 0 = -4*t + 4 + 4. Let z(b) = -b - 112*b**2 + 111*b**2 - t*b + 7. What is z(-6)?
-11
Let a be (4 + -7)/3*-2. Suppose 23 = a*l + 7. Let n(w) = -11*w**2 - 10*w - 3. Let y(p) = -7*p**2 - 7*p - 2. Let r(v) = l*y(v) - 5*n(v). Calculate r(-4).
7
Let t(b) be the first derivative of 1/2*b**2 + 5*b + 1/4*b**4 + 5/3*b**3 - 10. Let q be 2/2 + (0 - 6). Give t(q).
0
Let h be 12 - 16*(-1)/(-4). Suppose 4*t = 2*f - 2 - 8, -t - 2*f = 5. Let w be h/t*3/1. Let d(g) = -g**3 - 7*g**2 + 9*g + 2. Calculate d(w).
-6
Let y be 5 - ((-2)/(-1))/2. Suppose -15 = -7*q + y*q. Let k(l) = 2*l + l + q*l. What is k(-1)?
-8
Let c(w) = -w**3 + 8*w**2 - 11*w + 10. Let v = 146 + -139. Calculate c(v).
-18
Suppose -3*t - 4*z + 0*z = 0, -3*t + 2*z = 18. Let m(a) be the second derivative of a**4/12 + a**3/3 - 5*a**2/2 + 3000*a. Give m(t).
3
Let i = -5 - -8. Suppose -2*v = -1 + i. Let j(h) = -2 - h + h - h. What is j(v)?
-1
Let j(v) = v**2 + 7*v + 5. Let a(r) = r**2 - 10*r - 15. Let q be a(11). Determine j(q).
-7
Let o(k) = 6*k + 1. Let p be ((-4)/(-6))/(10/(-735)). Let i be 3/2*(p/21 - -1). What is o(i)?
-11
Let v(p) = -2*p**3 - 3*p**2 + 2. Let u be v(-1). Let c be -1*(u - (1 - 5)). Let r(y) be the first derivative of -y**3/3 - 5*y**2/2 + 2*y + 1. Determine r(c).
2
Let u(n) = -n**2 - 1 + 34*n**2 - 47*n**2 + n. What is u(1)?
-14
Let q(s) = -2*s - 8. Let b(z) = -z - 4. Let h(a) = 13*b(a) - 6*q(a). Suppose 70 + 130 = -10*j. Let y = 15 + j. Calculate h(y).
1
Let p = 0 - -20. Let g(s) = -20 - 5*s + 38 + s**2 - p. Determine g(3).
-8
Let w(f) = 14*f**3 - 3*f**2 - 3. Let d(q) = -5*q**3 + q**2 + 1. Let c(r) = -11*d(r) - 4*w(r). Let z(o) = -3*o - 5 + 12 + 4*o - 2*o. Let i be z(7). What is c(i)?
1
Let k be 8 + -1*(0 - 4). Suppose 0 = 2*b - 4*b - k. Let n(p) = p**3 + 5*p**2 - 7*p - 6. Determine n(b).
0
Let q(y) be the second derivative of -y**4/6 + y**3/6 + 5*y**2/2 + 507*y. Determine q(0).
5
Let c(o) = o**2 + 17*o + 11. Let q be c(-16). Let x(i) = 4*i - 6. Let f(b) = 4*b - 7. Let l(j) = q*f(j) + 6*x(j). Give l(-3).
-13
Let s = 534 - 534. Let w(n) be the third derivative of s*n + 1/24*n**4 - 2/3*n**3 - n**2 + 0. What is w(0)?
-4
Suppose -4*v = 5*s - 6, -v + 28*s = 24*s + 30. Let y(q) = 6*q - 1. Let d(j) = -3*j. Let l(c) = -5*d(c) - 2*y(c). What is l(v)?
-16
Let r(c) be the first derivative of c**4/4 + 5*c**3/3 + 9*c**2/2 + 23*c - 197. Determine r(-4).
3
Let l(y) = 21*y**2 + 2*y + 7. Let a(v) = -11*v**2 - v - 3. Let h(w) = -7*a(w) - 3*l(w). Let i(z) = -z**3 + 291*z + 573. Let x be i(-2). What is h(x)?
13
Let h(k) be the third derivative of k**5/60 - k**4/6 - k**3/6 - k**2. Let x be (-70)/(-7) + 3 + -9. Determine h(x).
-1
Suppose -1013 = 14*n - 1055. Let i(s) be the third derivative of 0 + 3/2*s**n + 0*s + 9*s**2 + 3/8*s**4 + 1/60*s**5. What is i(-6)?
-9
Let w(z) = -z**2. Let k(q) = -q**2. Let t = -27 - -30. Let u(y) = t*w(y) - k(y). Give u(-2).
-8
Let u(c) = -2*c - 6. Let z be u(-4). Let h(b) be the second derivative of b**4/6 + b**3/3 + b**2/2 - 134*b + 1. Calculate h(z).
13
Let s(t) = t**3 - 5*t**2 - 2*t + 7. Let j(v) = -v**2 + 21*v - 49. Let g be j(18). Determine s(g).
-3
Let d = 33 - 38. Let t = d + -4. Let x(r) = -r**2 - 10*r - 5. Determine x(t).
4
Let g = -710 - -707. Let u(m) = 4*m**2 - m + 1. What is u(g)?
40
Suppose w - 5*w + 28 = 5*k, -3*w + 14 = 2*k. Let z be (3/1 - (7 + -5))*2. Let j(i) = 4*i - i - 2*i - 117*i**2 + 116*i**z. What is j(w)?
-2
Let g(n) = n**2 - 6*n + 3. Suppose 4*t - 269 = 5*o, o + 0 = -1. Let v = 72 - t. What is g(v)?
3
Let p(m) = -3*m**2 - 3*m + 1. Let k be -2*(21/(-6) - -3). Calculate p(k).
-5
Let v(b) = -b**3 - 5*b**2 + b + 1. Suppose 0 = -0*h - h + q - 8, -5*h - 3*q - 16 = 0. Calculate v(h).
-4
Let t(z) = z - 12. Let n(u) = 3. Let i(o) = 5*n(o) + t(o). Calculate i(-8).
-5
Let j be ((-28)/(-16))/((-3)/12) + -5. Let o(c) = -c**3 - 11*c**2 + 10*c - 1. What is o(j)?
23
Let v(r) = -4*r + 3*r + 1875 + 1874 - 3739. Calculate v(-5).
15
Let o(d) = d**3 - 3*d**2 - 3*d - 1. Let g = -121 - -125. Calculate o(g).
3
Let r(v) = -5*v**2 - 3*v - 1. Let n(x) = 17*x**2 + 12*x + 3. Let h(m) = 2*n(m) + 7*r(m). Let j = 13 + -8. Give h(j).
-11
Suppose -4*k + a + 13 = -0, 4*k = -5*a + 31. Let q(m) be the second derivative of 0 + 5/12*m**4 + 11*m - 3/2*m**2 - 1/6*m**3 - 1/20*m**5. Give q(k).
9
Let c(x) = x**2 + 1. Suppose -9*i + 12*i - 24 = 0. Suppose 0 = 3*t - i - 7. Suppose -t*k = -28 + 23. What is c(k)?
2
Let v be -2*(0 - (-1)/2). Let j(t) = 18*t - 4*t - 10*t - 6*t. What is j(v)?
2
Let u(f) = 7*f + 1. Let i be (-43)/5 + (-6 - (-112)/20). Let b(r) = 2*r - 3*r + 4*r + 0*r. Let s(m) = i*b(m) + 4*u(m). What is s(-6)?
-2
Let k be ((-4)/(-3))/(726/54 - 13). Let w(b) = 12*b + 1. What is w(k)?
37
Let r(b) = -1195*b + 601*b - 1 + 596*b. Calculate r(-6).
-13
Let n(j) = 2*j**3 + 11*j**2 + 3*j. Let w(t) = -2*t**3 - 6*t**2 - 2*t. Let i(d) = -3*n(d) - 5*w(d). Give i(1).
2
Let x(t) = 0*t + 1 + 8*t -